{"id":94,"date":"2025-09-22T08:22:54","date_gmt":"2025-09-22T08:22:54","guid":{"rendered":"https:\/\/ddom.parisnanterre.fr\/?post_type=product&#038;p=94"},"modified":"2025-09-23T16:15:48","modified_gmt":"2025-09-23T16:15:48","slug":"inscription","status":"publish","type":"product","link":"https:\/\/ddom.parisnanterre.fr\/index.php\/produit\/inscription\/","title":{"rendered":"Inscription"},"content":{"rendered":"<p>Inscription au colloque &#8220;La D\u00e9ontologie et la discipline des officiers minist\u00e9riels : quelle unit\u00e9 ?&#8221;<\/p>\n<p>Le colloque se tient le vendredi 14 novembre 2025<\/p>\n<p><a href=\"https:\/\/ddom.parisnanterre.fr\/index.php\/informations-pratiques\/\" target=\"_blank\" rel=\"noopener\">\u00e0 l&#8217;\u00e9cole de droit de la Sorbonne, salle 6, 12 place du Panth\u00e9on, 75005 Paris<\/a><\/p>\n","protected":false},"excerpt":{"rendered":"<p>Inscription au colloque &#8220;La D\u00e9ontologie et la discipline des officiers minist\u00e9riels : quelle unit\u00e9 ?&#8221;<\/p>\n","protected":false},"featured_media":97,"template":"","meta":{"_kad_blocks_custom_css":"","_kad_blocks_head_custom_js":"","_kad_blocks_body_custom_js":"","_kad_blocks_footer_custom_js":"","_kad_post_transparent":"default","_kad_post_title":"","_kad_post_layout":"default","_kad_post_sidebar_id":"","_kad_post_content_style":"default","_kad_post_vertical_padding":"default","_kad_post_feature":"","_kad_post_feature_position":"","_kad_post_header":false,"_kad_post_footer":false},"product_brand":[],"product_cat":[15],"product_tag":[],"class_list":{"0":"post-94","1":"product","2":"type-product","3":"status-publish","4":"has-post-thumbnail","6":"product_cat-non-classe","8":"first","9":"instock","10":"featured","11":"sold-individually","12":"shipping-taxable","13":"purchasable","14":"product-type-variable","15":"entry","16":"content-bg","17":"loop-entry"},"taxonomy_info":{"product_cat":[{"value":15,"label":"Non class\u00e9"}]},"featured_image_src_large":["https:\/\/ddom.parisnanterre.fr\/wp-content\/uploads\/2025\/09\/colloque_ddom.png",998,872,false],"author_info":[],"comment_info":"","_links":{"self":[{"href":"https:\/\/ddom.parisnanterre.fr\/index.php\/wp-json\/wp\/v2\/product\/94","targetHints":{"allow":["GET"]}}],"collection":[{"href":"https:\/\/ddom.parisnanterre.fr\/index.php\/wp-json\/wp\/v2\/product"}],"about":[{"href":"https:\/\/ddom.parisnanterre.fr\/index.php\/wp-json\/wp\/v2\/types\/product"}],"wp:featuredmedia":[{"embeddable":true,"href":"https:\/\/ddom.parisnanterre.fr\/index.php\/wp-json\/wp\/v2\/media\/97"}],"wp:attachment":[{"href":"https:\/\/ddom.parisnanterre.fr\/index.php\/wp-json\/wp\/v2\/media?parent=94"}],"wp:term":[{"taxonomy":"product_brand","embeddable":true,"href":"https:\/\/ddom.parisnanterre.fr\/index.php\/wp-json\/wp\/v2\/product_brand?post=94"},{"taxonomy":"product_cat","embeddable":true,"href":"https:\/\/ddom.parisnanterre.fr\/index.php\/wp-json\/wp\/v2\/product_cat?post=94"},{"taxonomy":"product_tag","embeddable":true,"href":"https:\/\/ddom.parisnanterre.fr\/index.php\/wp-json\/wp\/v2\/product_tag?post=94"}],"curies":[{"name":"wp","href":"https:\/\/api.w.org\/{rel}","templated":true}]}}